?
-1
Let m(b) = -62*b**2 + 294*b + 601. Determine m(-2).
-235
Let q(g) = -20*g**2 + 36318*g + 109111. What is q(-3)?
-23
Let k(d) = d**2 - 68*d + 1350. What is k(62)?
978
Let v(k) = -k**2 + 2331*k - 1313234. Determine v(1378).
0
Let y(n) = -n**3 - 126*n**2 + 176*n + 21986. Determine y(-126).
-190
Let p(q) = 150*q**2 + 525*q + 127. Determine p(-2).
-323
Let t(j) = -2*j**3 + 147*j**2 + 856*j + 1080. What is t(79)?
53
Let v(d) = d**3 + 3*d**2 + 180*d + 1314. Determine v(-8).
-446
Let o(h) = 2*h**3 + 42*h**2 + 34*h + 1713. Give o(-22).
-3
Let u(d) = -4*d**3 + 18*d**2 + 29*d + 57. Give u(9).
-1140
Let i(p) = p**3 + 22*p**2 - 437*p - 9069. Calculate i(-25).
-19
Let k(s) = s**3 - 1219*s**2 - 211439*s + 438. What is k(-154)?
-24
Let k(m) = 109*m + 4254. Calculate k(-47).
-869
Let l(n) = -n**3 - 116*n**2 - 541*n + 2132. Give l(-111).
578
Let l(t) = -99882*t + 9688563. Determine l(97).
9
Let q(x) = -138*x**2 - 2576*x + 171. Give q(-19).
-703
Let x(p) = 3*p**3 - 374*p**2 + 4069*p - 159. Calculate x(12).
-3
Let s(j) = 8*j**2 - 23*j - 1018. Determine s(-10).
12
Let f(k) = -2*k**3 + 440*k**2 + 752*k - 68543. What is f(221)?
-33
Let s(p) = p**3 + 69*p**2 + 216*p + 16. What is s(-3)?
-38
Let f(p) = 345*p - 32086. Calculate f(93).
-1
Let x(u) = -2*u**2 - 764*u + 8571. What is x(11)?
-75
Let k(a) = a**2 + 4*a - 3026. What is k(63)?
1195
Let v(t) = 35*t**3 + 219*t**2 - 174*t + 57. Calculate v(-7).
1
Let h(x) = x**3 + 27*x**2 - 754*x - 19964. Determine h(-30).
-44
Let m(i) = -8122*i - 292077. Give m(-36).
315
Let y(h) = h**3 + 105*h**2 + 559*h - 4717. Calculate y(-99).
-1252
Let d(f) = 22*f**3 - 3*f**2 - 387*f + 391. Calculate d(1).
23
Let u(v) = v**2 - 102*v + 1635. Determine u(20).
-5
Let u(c) = -11*c**3 + 917*c**2 - 10896*c - 384. What is u(69)?
30
Let u(a) = a**2 + 252*a - 24443. Determine u(74).
-319
Let c(w) = 1802*w - 30746. Give c(17).
-112
Let v(p) = 13*p**2 - 30*p - 976. Give v(-9).
347
Let p(m) = 4*m**3 + 46*m**2 - 448*m - 1232. What is p(-17)?
26
Let w(v) = v**3 - 193*v**2 - 380*v - 1801. Determine w(195).
149
Let g(b) = b**2 - 1840*b - 75733. Calculate g(-40).
-533
Let i(w) = -211*w + 32729. Calculate i(155).
24
Let q(f) = -f**2 - 19*f + 17374. Determine q(122).
172
Let i(h) = -13*h**2 + 70*h - 223. Determine i(17).
-2790
Let h(i) = -2072*i - 252606. Determine h(-122).
178
Let u(y) = -648*y + 18804. What is u(29)?
12
Let r(n) = -126*n + 1994. Determine r(9).
860
Let s(q) = -10466*q + 83804. Calculate s(8).
76
Let j(b) = -b**3 - 64*b**2 - 151*b - 16533. What is j(-66)?
2145
Let t(c) = -237*c - 5184. Calculate t(-21).
-207
Let a(v) = -6008*v - 426558. Determine a(-71).
10
Let n(m) = -14397*m - 15. Determine n(0).
-15
Let s(u) = -u**3 - 79*u**2 + 901*u - 7970. Give s(-90).
40
Let s(h) = -8*h**2 - 4832*h - 42834. Calculate s(-9).
6
Let q(h) = 788*h + 13564. What is q(-17)?
168
Let r(u) = -u**2 - 153*u + 4936. What is r(-184)?
-768
Let j(d) = -17*d**3 + 8*d**2 - 38*d - 119. Determine j(6).
-3731
Let o(x) = 206607*x + 1652872. What is o(-8)?
16
Let g(u) = 17*u**2 - 569*u - 2340. Give g(-4).
208
Let q(j) = -j**2 + 529*j - 2658. Give q(5).
-38
Let u(o) = -3938*o - 35428. Give u(-9).
14
Let s(b) = -b**3 - 423*b**2 - 6122*b - 832. Calculate s(-408).
-16
Let w(f) = f**2 - 6643*f + 1896861. What is w(299)?
5
Let d(f) = -27572*f + 6920565. What is d(251)?
-7
Let r(c) = -4*c**2 + 273*c + 2389. What is r(78)?
-653
Let n(w) = w**3 + 3*w**2 + 1583*w + 7962. Give n(-5).
-3
Let l(n) = 248*n**2 - 1272*n + 139. Calculate l(5).
-21
Let c(w) = 989*w + 219572. Give c(-222).
14
Let v(p) = -4217*p - 278346. Calculate v(-66).
-24
Let b(w) = -9*w**2 + 6716*w - 93705. Calculate b(732).
-9
Let j(m) = -11305*m + 16867060. Calculate j(1492).
0
Let v(a) = 4*a**2 + 1711*a + 8459. Determine v(-5).
4
Let o(b) = b**3 - 155*b**2 + 163*b - 1526. Give o(154).
-140
Let x(u) = 20099*u + 1527408. Determine x(-76).
-116
Let f(k) = 19939*k + 159630. Give f(-8).
118
Let n(y) = -4*y**3 - 37*y**2 + 82*y - 33. What is n(2)?
-49
Let m(g) = 3*g**3 - 398*g**2 - 1484*g + 16851. Determine m(136).
-13
Let v(s) = 8*s**3 - 238*s**2 + 651*s - 21324. Give v(30).
6
Let w(d) = d**3 - 123*d**2 - 741*d + 76520. Determine w(124).
12
Let o(w) = -w**3 + 82*w**2 - 1424*w + 1845. Determine o(58).
-11
Let c(r) = 156682*r - 30. Calculate c(0).
-30
Let y(g) = -27418*g + 164964. What is y(6)?
456
Let l(r) = 23*r**2 - 13061*r - 39405. Determine l(-3).
-15
Let u(r) = 26149*r + 1. Determine u(0).
1
Let r(x) = 10402*x - 3827948. What is r(368)?
-12
Let r(k) = 60*k**3 + 18*k**2 + 6*k - 14. Give r(2).
550
Let d(c) = -3*c**3 + 307*c**2 + 290*c - 8617. What is d(103)?
35
Let t(f) = f**3 + 160*f**2 + 1696*f + 4371. Determine t(-7).
-4
Let a(j) = -7*j + 789. Determine a(133).
-142
Let p(w) = -9*w**3 + 109*w**2 - 25*w + 128. Give p(12).
-28
Let i(r) = 193406*r - 1353820. Give i(7).
22
Let w(k) = 34815*k + 2158527. What is w(-62)?
-3
Let n(c) = -8*c**2 + 280*c + 128. Give n(35).
128
Let u(v) = 5351*v**2 - 26737*v - 93. Give u(5).
-3
Let v(i) = 13*i**2 - 923*i + 5862. What is v(64)?
38
Let g(v) = 21*v**2 - 1033*v - 60. What is g(48)?
-1260
Let v(u) = -23*u**2 + 610*u - 2978. Give v(20).
22
Let m(s) = -s**2 - 13360*s - 293438. Give m(-22).
-2
Let d(s) = s**3 - 27*s**2 + 741*s - 21586. Calculate d(28).
-54
Let z(v) = -212*v - 2506. Calculate z(-10).
-386
Let d(t) = 62*t + 1752. Calculate d(0).
1752
Let v(r) = -6569*r + 92502. What is v(14)?
536
Let l(o) = -o**3 + 467*o**2 + 495*o - 12636. What is l(468)?
0
Let p(t) = 67*t**2 + 18425*t - 19. Determine p(-275).
-19
Let i(w) = 8*w**2 + 1789*w - 20647. What is i(11)?
0
Let v(z) = -z**2 + 1827*z - 16469. Calculate v(9).
-107
Let x(u) = -u**3 - 1795*u**2 - 28462*u + 35. What is x(-16)?
3
Let p(c) = -2791*c**2 + 200953*c - 91. What is p(72)?
-19
Let c(f) = -425724*f + 425721. Determine c(1).
-3
Let n(i) = 8*i**3 - 253*i**2 - 91*i - 180. Give n(32).
-20
Let y(u) = u**3 + 68*u**2 + 370*u - 138. What is y(-62)?
-14
Let d(w) = w**3 + 542*w**2 - 30*w - 16234. Determine d(-542).
26
Let g(s) = -s**2 - 457*s - 3499. Determine g(-8).
93
Let b(j) = 5378*j - 220679. Give b(41).
-181
Let r(n) = n**2 - 46632*n - 653077. What is r(-14)?
-33
Let b(q) = 7*q**3 - 694*q**2 + 3501*q - 11003. Determine b(94).
-5
Let c(h) = 26794*h + 160773. Calculate c(-6).
9
Let g(x) = -29*x**2 - 457*x - 798. Calculate g(-2).
0
Let n(z) = -450*z - 125. Give n(-2).
775
Let v(h) = 476*h**2 - 951*h + 2. Calculate v(2).
4
Let i(h) = 171*h - 19121. What is i(113)?
202
Let w(x) = -15*x**2 - 352*x - 1979. Determine w(-14).
9
Let h(g) = 1955*g + 211179. Determine h(-107).
1994
Let p(j) = 1632*j + 57130. Give p(-35).
10
Let g(r) = 1215*r - 18725. What is g(15)?
-500
Let l(s) = -s**2 - 448*s + 23882. Give l(48).
74
Let c(r) = 2*r**3 + 49*r**2 + 43*r + 52. Calculate c(-25).
-1648
Let k(d) = -d**3 + 62*d**2 + 78*d - 1230. Give k(63).
-285
Let q(t) = t**3 - 246*t**2 + 7560*t + 47. What is q(210)?
47
Let o(u) = -u**3 - 53*u**2 + 489*u + 5. Calculate o(-61).
-56
Let n(x) = -2*x**2 + 1484*x + 18106. Give n(-12).
10
Let j(h) = -189*h + 7499. Calculate j(17).
4286
Let v(m) = -m**3 - 389*m**2 - 7365*m + 5563. Determine v(-369).
28
Let v(i) = -i**3 + 53*i**2 + 2577*i - 8636. What is v(-33)?
-23
Let z(h) = h**3 - 7*h**2 + 282*h - 783. Give z(3).
27
Let m(g) = 13*g**2 - 8256*g - 100962. Determine m(-12).
-18
Let c(l) = -2*l**3 - 59*l**2 + 33*l - 476. Determine c(-30).
-566
Let j(s) = -129*s - 3782. Determine j(-26).
-428
Let r(b) = 2*b**3 - 430*b**2 - 1728*b - 5237. What is r(219)?
19
Let f(r) = 77181*r - 231528. Determine f(3).
15
Let a(m) = 141569*m + 707951. Determine a(-5).
106
Let t(m) = -11*m**3 + 104*m**2 - 101*m + 14. Determine t(1).
6
Let u(b) = -3132*b + 723305. Calculate u(231).
-187
Let j(i) = -2*i**2 - 57257*i + 7072874. Determine j(123).
5
Let q(d) = 2*d**3 - 65*d**2 + 100*d - 1823. Calculate q(32).
353
Let g(k) = k**3 + 191*k**2 - 357*k - 31544. Determine g(-192).
136
Let z(p) = 90*p**2 - 1470*p + 1812. Give z(15).
12
Let p(r) = -7*r**2 - 2932*r - 26450. Determine p(-9).
-629
Let w(o) = -o**3 + 66*o**2 + 1661*o - 103742. What is w(68)?
-42
Let z(k) = 156*k**2 + 1513*k - 1. Determine z(-10).
469
Let z(f) = -23*f**3 + 4898*f**2 + 212*f + 305. Determine z(213).
92
Let s(z) = 57*z**2 + 1575*z - 4255. Determine s(-30).
-205
Let g(o) =